{"id":34,"date":"2022-06-06T11:40:37","date_gmt":"2022-06-06T09:40:37","guid":{"rendered":"http:\/\/www.smartmobilityhub.it\/?page_id=34"},"modified":"2024-11-13T11:08:42","modified_gmt":"2024-11-13T10:08:42","slug":"fase-dimostrativa","status":"publish","type":"page","link":"https:\/\/www.smartmobilityhub.it\/?page_id=34","title":{"rendered":"Fase Dimostrativa"},"content":{"rendered":"<div class=\"wp-block-image\">\n<figure class=\"aligncenter size-large\"><img loading=\"lazy\" decoding=\"async\" width=\"1024\" height=\"561\" src=\"http:\/\/www.smartmobilityhub.it\/wp-content\/uploads\/2022\/06\/Immagine1-1024x561.jpg\" alt=\"\" class=\"wp-image-35\" srcset=\"https:\/\/www.smartmobilityhub.it\/wp-content\/uploads\/2022\/06\/Immagine1-1024x561.jpg 1024w, https:\/\/www.smartmobilityhub.it\/wp-content\/uploads\/2022\/06\/Immagine1-300x164.jpg 300w, https:\/\/www.smartmobilityhub.it\/wp-content\/uploads\/2022\/06\/Immagine1-768x421.jpg 768w, https:\/\/www.smartmobilityhub.it\/wp-content\/uploads\/2022\/06\/Immagine1-1536x842.jpg 1536w, https:\/\/www.smartmobilityhub.it\/wp-content\/uploads\/2022\/06\/Immagine1-2048x1122.jpg 2048w\" sizes=\"auto, (max-width: 1024px) 100vw, 1024px\" \/><\/figure>\n<\/div>\n\n<p style=\"text-align: justify;\">La dimostrazione dell\u2019hub energetico off-grid che integra diverse fonti rinnovabili, il tutto supervisionato da una piattaforma digitale che aumenta in modo intelligente l&#8217;efficienza complessiva, costituir\u00e0 una valida soluzione per la decarbonizzazione, implementata a livello locale, che garantir\u00e0 benefici sulla qualit\u00e0 dell&#8217;aria, un uso razionale delle risorse locali e autonomia operativa rispetto all&#8217;infrastruttura energetica centralizzata. Tale dimostrazione sar\u00e0 realizzata presso l\u2019Oasi Fiume Alento. Situata nel cuore del Parco Nazionale del Cilento e Vallo di Diano, all\u2019interno di un\u2019area SIC (Sito di Importanza Comunitaria) di 3.024 ettari che comprende gran parte del fiume Alento, l\u2019Oasi Fiume Alento, \u00e8 un grande parco naturalistico che offre un\u2019ampia gamma di servizi turistici, quali escursioni naturalistiche a cavallo e in bici, laboratori didattici, orto botanico, area per mostre tematiche, tiro con l\u2019arco e vela. \u00a0L\u2019Oasi naturalistica ha lo scopo di contribuire a salvaguardare la ricchezza di biodiversit\u00e0 mediante attivit\u00e0 di conservazione. L\u2019integrit\u00e0 dell\u2019habitat naturale dell\u2019Oasi rappresenta ormai da anni un\u2019originale attrattiva per famiglie, scuole e sportivi.<\/p>\n\n\n<p><\/p>\n\n\n\n<p class=\"has-text-align-center\"><strong>Monitoraggio Impianto<\/strong><\/p>\n\n\n<p style=\"text-align: center;\"><iframe loading=\"lazy\" style=\"border: 1px solid black; overflow: scroll; overflow-x: scroll;  \" src=\"https:\/\/gaiaenergy.higeco.com\/iPage.html?user=screensmh&amp;pass=Energy_24&amp;pageId=45\" width=\"1000\" height=\"1000\"><\/iframe><\/p>","protected":false},"excerpt":{"rendered":"<p>La dimostrazione dell\u2019hub energetico off-grid che integra diverse fonti rinnovabili, il tutto supervisionato da una piattaforma digitale che aumenta in modo intelligente l&#8217;efficienza complessiva, costituir\u00e0 una valida soluzione per la decarbonizzazione, implementata a livello locale, che garantir\u00e0 benefici sulla qualit\u00e0 dell&#8217;aria, un uso razionale delle risorse locali e autonomia operativa rispetto all&#8217;infrastruttura energetica centralizzata. Tale<\/p>\n","protected":false},"author":1,"featured_media":0,"parent":12,"menu_order":0,"comment_status":"closed","ping_status":"closed","template":"page-fullwidth.php","meta":{"footnotes":""},"class_list":["post-34","page","type-page","status-publish","hentry"],"_links":{"self":[{"href":"https:\/\/www.smartmobilityhub.it\/index.php?rest_route=\/wp\/v2\/pages\/34","targetHints":{"allow":["GET"]}}],"collection":[{"href":"https:\/\/www.smartmobilityhub.it\/index.php?rest_route=\/wp\/v2\/pages"}],"about":[{"href":"https:\/\/www.smartmobilityhub.it\/index.php?rest_route=\/wp\/v2\/types\/page"}],"author":[{"embeddable":true,"href":"https:\/\/www.smartmobilityhub.it\/index.php?rest_route=\/wp\/v2\/users\/1"}],"replies":[{"embeddable":true,"href":"https:\/\/www.smartmobilityhub.it\/index.php?rest_route=%2Fwp%2Fv2%2Fcomments&post=34"}],"version-history":[{"count":44,"href":"https:\/\/www.smartmobilityhub.it\/index.php?rest_route=\/wp\/v2\/pages\/34\/revisions"}],"predecessor-version":[{"id":392,"href":"https:\/\/www.smartmobilityhub.it\/index.php?rest_route=\/wp\/v2\/pages\/34\/revisions\/392"}],"up":[{"embeddable":true,"href":"https:\/\/www.smartmobilityhub.it\/index.php?rest_route=\/wp\/v2\/pages\/12"}],"wp:attachment":[{"href":"https:\/\/www.smartmobilityhub.it\/index.php?rest_route=%2Fwp%2Fv2%2Fmedia&parent=34"}],"curies":[{"name":"wp","href":"https:\/\/api.w.org\/{rel}","templated":true}]}}